he greatest common factor of 237 and 123?
3
Calculate the greatest common factor of 16476 and 12.
12
What is the highest common divisor of 2480 and 30?
10
Calculate the greatest common divisor of 700 and 8542100.
700
What is the greatest common factor of 320 and 46760?
40
What is the greatest common divisor of 530 and 1866395?
265
What is the greatest common divisor of 785409 and 582?
291
Calculate the greatest common divisor of 288 and 774.
18
Calculate the greatest common divisor of 193989 and 6.
3
Calculate the greatest common divisor of 155 and 339680.
5
Calculate the greatest common divisor of 2013698 and 62.
62
What is the greatest common factor of 170172 and 18?
18
What is the greatest common divisor of 72 and 80118?
18
What is the greatest common divisor of 444 and 584230?
74
What is the greatest common factor of 87327 and 27231?
939
What is the greatest common factor of 25016 and 177?
59
What is the highest common factor of 696112 and 64?
16
What is the greatest common divisor of 120 and 12435?
15
Calculate the highest common factor of 220577 and 21.
7
What is the greatest common factor of 54225 and 432?
9
Calculate the highest common factor of 6096375 and 9.
9
What is the greatest common divisor of 378 and 2877?
21
Calculate the highest common factor of 183431 and 118.
59
What is the highest common divisor of 2194190 and 34?
34
Calculate the highest common divisor of 2852192 and 3264.
544
What is the greatest common factor of 67 and 806881?
67
What is the greatest common divisor of 106 and 28037?
53
Calculate the greatest common factor of 900864 and 621.
207
What is the greatest common divisor of 18981 and 23256?
171
What is the greatest common divisor of 318 and 72186?
318
Calculate the highest common factor of 43119 and 1431.
27
What is the greatest common divisor of 447583 and 57?
19
What is the highest common divisor of 1359 and 72178?
151
What is the greatest common factor of 593328 and 24?
24
Calculate the greatest common factor of 955140 and 12.
12
What is the greatest common factor of 31 and 1302961?
31
Calculate the greatest common divisor of 550 and 80075.
25
What is the highest common divisor of 103682 and 183098?
2206
Calculate the highest common divisor of 1228607 and 85.
17
What is the greatest common factor of 475 and 15325?
25
Calculate the highest common factor of 23328 and 20898.
486
Calculate the highest common divisor of 68174 and 383.
383
Calculate the greatest common divisor of 49 and 14609.
7
What is the highest common factor of 125 and 3035?
5
What is the highest common divisor of 9151530 and 67?
67
What is the highest common factor of 32058 and 90?
18
Calculate the highest common factor of 52871 and 539.
49
What is the highest common factor of 7422747 and 1527?
1527
Calculate the highest common divisor of 333 and 433640.
37
What is the highest common factor of 203377 and 87?
29
Calculate the greatest common factor of 35 and 398405.
35
Calculate the highest common divisor of 5824 and 49868.
364
Calculate the highest common divisor of 880 and 5850020.
220
What is the greatest common divisor of 18874 and 118?
2
What is the greatest common divisor of 1957592 and 312?
104
Calculate the highest common divisor of 46 and 19067.
23
What is the greatest common divisor of 957386 and 314?
314
Calculate the highest common factor of 14337 and 767.
59
What is the highest common divisor of 171589 and 6897?
209
What is the greatest common factor of 45 and 147?
3
Calculate the highest common factor of 7452 and 259164.
828
What is the highest common divisor of 23769 and 340272?
1251
What is the highest common divisor of 2323 and 7084?
23
Calculate the highest common divisor of 24897 and 9264.
579
Calculate the highest common factor of 2185 and 253345.
115
What is the greatest common divisor of 348 and 2059?
29
What is the highest common factor of 378 and 6342?
42
What is the highest common factor of 1792 and 2513?
7
Calculate the highest common factor of 2532251 and 5046.
841
What is the highest common divisor of 81 and 165?
3
What is the greatest common factor of 235 and 24865?
5
Calculate the highest common divisor of 8064 and 4515.
21
What is the highest common divisor of 157 and 1061477?
157
Calculate the highest common divisor of 434245 and 190.
95
What is the highest common divisor of 222 and 10101?
111
Calculate the greatest common divisor of 1551 and 825.
33
Calculate the highest common divisor of 105 and 41685.
105
Calculate the greatest common factor of 957 and 21516.
33
What is the highest common factor of 8043 and 33321?
1149
Calculate the highest common factor of 1108 and 44874.
554
Calculate the greatest common factor of 7498 and 17604.
326
What is the highest common factor of 40 and 1901300?
20
Calculate the highest common divisor of 161 and 149017.
23
Calculate the highest common factor of 5624 and 3848.
296
Calculate the highest common divisor of 282 and 20586.
282
What is the greatest common divisor of 1014 and 167817?
507
What is the greatest common divisor of 16470 and 14762?
122
Calculate the greatest common divisor of 60 and 1975110.
30
What is the highest common factor of 3142 and 18?
2
What is the greatest common divisor of 56 and 89992?
56
Calculate the highest common divisor of 1111440 and 55.
55
Calculate the highest common divisor of 46536 and 888.
24
Calculate the greatest common factor of 1655 and 355.
5
What is the highest common divisor of 3800 and 60?
20
Calculate the greatest common divisor of 13481 and 4394.
13
What is the highest common factor of 116343 and 135?
27
What is the highest common divisor of 855 and 45999?
171
What is the highest common divisor of 540 and 2412?
36
What is the greatest common divisor of 5124808 and 104?
104
What is the highest common divisor of 70027 and 14101?
239
What is the greatest common factor of 407 and 28934?
37
Calculate the greatest common factor of 240 and 13395.
15
Calculate the highest common divisor of 3387 and 48.
3
Calculate the highest common factor of 92245 and 380.
95
What is the highest common divisor of 8 and 146?
2
Calculate the highest common factor of 233292 and 12.
12
Calculate the greatest common factor of 180 and 3711.
3
What is the greatest common factor of 6104 and 77063?
763
Calculate the greatest common divisor of 494 and 112138.
494
Calculate the highest common divisor of 588962 and 198.
22
What is the greatest common factor of 1 and 16396?
1
Calculate the greatest common divisor of 548530 and 665.
95
Calculate the highest common divisor of 220 and 238060.
20
What is the greatest common factor of 28261 and 59?
59
Calculate the highest common divisor of 403806 and 39.
39
What is the highest common factor of 10465 and 49335?
1495
Calculate the greatest common factor of 2127 and 4.
1
Calculate the highest common divisor of 1391320 and 105.
35
Calculate the greatest common divisor of 432 and 720.
144
What is the highest common factor of 284 and 2843692?
284
Calculate the greatest common divisor of 51016 and 1400.
56
Calculate the highest common divisor of 2280698 and 56.
14
What is the greatest common factor of 108 and 69705?
9
What is the highest common factor of 5346 and 42834?
66
What is the highest common divisor of 855 and 11400?
285
Calculate the greatest common factor of 4350 and 522.
174
What is the greatest common factor of 29100 and 2100?
300
What is the greatest common divisor of 81143 and 53?
53
Calculate the greatest common divisor of 8448 and 228.
12
Calculate the greatest common factor of 54 and 249534.
54
What is the highest common factor of 32 and 300952?
8
Calculate the highest common divisor of 57 and 62529.
57
Calculate the greatest common factor of 82520 and 1240.
40
Calculate the highest common factor of 559776 and 2176.
544
Calculate the greatest common factor of 4181 and 1813.
37
What is the greatest common factor of 154947 and 609?
87
What is the highest common factor of 8 and 316?
4
Calculate the highest common divisor of 56800 and 208.
16
Calculate the highest common divisor of 57379 and 98.
49
Calculate the greatest common factor of 1287940 and 10.
10
Calculate the greatest common factor of 21590 and 19685.
635
Calculate the highest common divisor of 390 and 182130.
390
What is the highest common factor of